hat is the remainder when 179 is divided by l?
59
Let k(q) be the second derivative of q**3/6 + 5*q**2 - 6*q - 4. What is the remainder when 83 is divided by k(7)?
15
Suppose -5*y + 235 = -340. Suppose 27189*c = 27183*c + 216. Calculate the remainder when y is divided by c.
7
Let m be ((-18)/27)/(4/(-36)). Calculate the remainder when (56/m)/(33/198) is divided by -10*(-2)/((-8)/(-6)).
11
Let d(k) = -k**2 - 17*k + 163. Let b be d(-27). Let j = b + 116. What is the remainder when 89 is divided by j?
8
Suppose -4*z + 568 = 2*j, 18*z - 5*j = 19*z - 142. What is the remainder when 495 is divided by z?
69
Suppose -40*x + 13995 = -16725. Let b = 1071 - x. Calculate the remainder when b is divided by 76.
75
Suppose -4*a = 5*v - 87 - 184, 4*a = -v + 67. Calculate the remainder when (26 - 21) + -1 + v is divided by 43.
12
Suppose -436 = -20*n + 64. Suppose n = s - 5*o, s = -3*s + o + 43. Suppose -2*x = -7 - 49. What is the remainder when x is divided by s?
8
Suppose -14*r + 15*r - 589 = 0. Suppose -13 = 18*y - r. What is the remainder when 84 is divided by y?
20
Suppose -3*t + 0*c - 158 = c, -4*t + 2*c = 194. Let k be 2/(((-12)/t)/(-2)) + 4. Let u(l) = l + 20. Calculate the remainder when 160 is divided by u(k).
6
Let y(c) = 387*c**2 - 775*c**2 + 39*c - c**3 - 84 + 368*c**2. Calculate the remainder when 125/2*(0 + 2) is divided by y(-22).
21
Let u = -1099 + 2258. What is the remainder when u is divided by 58?
57
Suppose 27*d = 34*d + 980. What is the remainder when (-11)/((-22)/4) - (d + -1) is divided by 24?
23
Let b = 19971 - 19929. Calculate the remainder when b is divided by 4.
2
Let y(q) = 14*q**3 + 2*q**2 - 2*q + 1. Suppose -445*r + 196 = 4*w - 454*r, -5*w = -r - 204. What is the remainder when y(2) is divided by w?
37
Let i(h) = 5*h**2 + 16*h + 3. Let p be i(8). Let z = 462 - p. What is the remainder when 83 is divided by z?
6
Let u = -45 + 41. What is the remainder when 10*(16 + (-1 - u - 3)) is divided by 23?
22
Suppose 436 = 5*a + 426. Calculate the remainder when (((-33383)/(-14))/19)/(1/a) is divided by 15.
11
Let s(k) = 8*k**2 - 5*k + 27. Let t be s(4). Let g = 202 - t. What is the remainder when g is divided by 34?
33
Let j(f) = 17*f + 374. Calculate the remainder when 312 is divided by j(-19).
6
Let n = 1410 + 4127. Suppose -51*y = -2*y - n. Calculate the remainder when y is divided by 2 - (3 - 1) - -58.
55
Let t be (-7)/(14/(-4)) + (4 - -6). Suppose 4*x = t*x - 888. Calculate the remainder when x is divided by 14.
13
Let t(c) = -5*c**3 + c**2 - 4*c - 3. Suppose 17 = -3*n - 10. Let j be 12/n*(-1)/((-6)/9). What is the remainder when t(j) is divided by 17?
15
Let u be 4/(-6) - (-40)/(-12). Let y(x) = x**3 + 3*x - 3*x**3 - 2*x**2 + 2*x**3 - x**3 + 2. What is the remainder when 63 is divided by y(u)?
19
Let f = 494 - 228. Suppose 0 = -5*a - i + 480, 2*a + 2*i - f + 82 = 0. Calculate the remainder when a is divided by ((-30)/(-7))/(21/98).
17
Calculate the remainder when (-2)/7 + -74543*3/(-147) is divided by 506.
3
Suppose -3*d - w + 60 = 0, -60 = -3*d + 4*w - 0*w. Suppose -102*f = 1301 - 4871. What is the remainder when f is divided by d?
15
Let v(a) = 4*a**2 + 64*a + 451. Calculate the remainder when v(-13) is divided by 71.
11
Let t(p) = -4*p - 10. Let v be t(-9). Let m = 30 - v. Calculate the remainder when m/6 - (1595/(-15) + 2) is divided by 9.
6
Let k(a) = -2*a**3 + 2*a**2 + 10*a + 108. Calculate the remainder when k(-5) is divided by 36.
34
Let j be -2*-1*(-3 + 6). Suppose -j*m + 872 = 2*m. Let a = m - 100. Calculate the remainder when 32 is divided by a.
5
Suppose 1815 = 11*i - 6*i. Let x = i + -293. Calculate the remainder when x is divided by 20.
10
Suppose 5*d + v - 174 - 177 = 0, -d + 87 = 3*v. Calculate the remainder when 114 is divided by d.
45
Suppose 0 = 2*k - u - u - 14, 0 = 4*k + 2*u - 28. What is the remainder when -45 - (-46 + 37 + -496) is divided by k?
5
Let y be (-3)/(-9) - 3/9. Suppose y*h - 288 = -6*h. Let i(t) = t**2 - 2*t - 2. What is the remainder when h is divided by i(5)?
9
Let k = -3621 + 3635. What is the remainder when 53 is divided by k?
11
Let u = 2480 - 1660. Calculate the remainder when 897 is divided by u.
77
Calculate the remainder when 3*-3*169/(-39) is divided by 28.
11
Let z = 3028 + -3008. What is the remainder when 1856 is divided by z?
16
Suppose 4182 - 1222 = 10*k. Suppose -2*v = -4*a + k, -a + 2*v = 6*v - 83. What is the remainder when 446 is divided by a?
71
What is the remainder when (-15)/(-3)*121740/180 - (-2)/(-3) is divided by 178?
177
Suppose 72 = 3*r - 42. What is the remainder when 8/22 - (32644/(-374) - 696/1972) is divided by r?
12
Let n be 4/10 + ((-936)/(-30))/12. Suppose g + 3*k - 21 = 2*k, -3*g = -n*k - 33. Calculate the remainder when g is divided by 9.
7
Suppose -21*h = -31*h - 9*h + 15447. What is the remainder when h is divided by 52?
33
Let c(s) = -18*s - 3. Suppose 155 = y - 2*m, 3*y - 2*m + 0 - 481 = 0. What is the remainder when y is divided by c(-2)?
31
Let w(b) = -157*b**3 - 2*b**2 + 1. Suppose 23*h + 40 = 25*h. What is the remainder when w(-1) is divided by h?
16
Let q(u) = u**2 + 4*u - 14. Suppose -18*v = -22*v + 20. Suppose v*r + 3*r = 56. Calculate the remainder when q(r) is divided by 16.
15
Suppose 3*k + 120 = 11*k. Calculate the remainder when 110 is divided by 418/k - 6/(-45).
26
Suppose -294*m - 1996 = -9640. Calculate the remainder when 4184 is divided by m.
24
Let m = 35902 - 35732. Calculate the remainder when 960 is divided by m.
110
Let w(i) = 20*i**3 + 3*i**2 + i - 4. Let a be w(2). Let r = -149 + a. What is the remainder when r is divided by 2?
1
Let x(j) = 185*j**2 - 2*j - 1. Let g be x(-1). Suppose -7*l + 262 + g = 0. Calculate the remainder when l is divided by 33.
31
Let a = -12197 - -15186. Calculate the remainder when a is divided by 136.
133
Let a = 10 + 16. Suppose -a = -7*n + 142. Let m = 108 - n. What is the remainder when m is divided by 22?
18
Let t = 22 - 17. Suppose 0 = i - 5*q - 7, -1 = -i - 5*q - 4. What is the remainder when (5/i)/(10/24) is divided by t?
1
Suppose 5*f - 38 = 32. Suppose 0*g + f*g = 1638. Calculate the remainder when g is divided by 7.
5
Suppose -3*k - t = -1043, 0 = 2*k + 2*t - 288 - 414. Calculate the remainder when k is divided by 166.
14
Suppose 3*n = 785 - 245. Let l = 215 - n. What is the remainder when 207 is divided by l?
32
Suppose 5*y = 5*t - 880, 4*t - 680 = -0*t - 4*y. Let a = -118 + t. Calculate the remainder when a is divided by 22.
11
Let u(l) = -3310*l + 13340. Calculate the remainder when u(4) is divided by 52.
48
Let a(k) = -k**2 - 17*k + 8. Suppose 3*l + 0*c = -5*c - 25, 5*l - c + 51 = 0. Calculate the remainder when a(l) is divided by 28.
22
Let m(w) = -w**2 + 115*w - 2782. Calculate the remainder when 697 is divided by m(36).
15
What is the remainder when 5514 is divided by (140/14 - 7)*1182/18?
195
Let a(m) = m**3 - 31*m**2 - 23*m - 783. What is the remainder when a(34) is divided by 83?
77
Let r(a) = a**3 + 39*a**2 + 153*a + 2498. Calculate the remainder when r(-36) is divided by 78.
20
Let y(a) = 2*a**3 - 42*a**2 + 19*a + 25. Let r be y(22). Suppose 18*t - r = t. Let l = 17 + -3. What is the remainder when t is divided by l?
13
Suppose 3*f - 512 - 118 = -4*b, 2*f = -4*b + 412. What is the remainder when f is divided by 149?
69
Suppose s - 1 - 11 = 0. Let a(m) = 5*m**2 + 15*m - 58. Let j be a(3). Suppose j*o = 18*o + 476. What is the remainder when o is divided by s?
10
Calculate the remainder when ((-2)/(-9))/(((-110)/(-55737))/10) is divided by 92.
22
Let n(f) = -988*f - 5472. What is the remainder when n(-7) is divided by 722?
0
Suppose 0 = 4*m + 36, 2*m = 5*a - 8210 + 2982. Calculate the remainder when a is divided by 27.
16
Let c(j) = -2*j + 32. Let a be c(-12). Suppose -2*u + 10*u = a. Let r(z) = z**3 - 6*z**2 + 3*z + 13. What is the remainder when r(u) is divided by 12?
11
Let v(w) = 164*w + 891. Calculate the remainder when 680 is divided by v(-5).
41
Suppose 0 = -4*g + 24, g + 7774 + 2585 = 5*p. Calculate the remainder when p is divided by 27.
21
What is the remainder when -22*(36/126)/(4/(-28)) is divided by 74*1*(-3)/(-6)?
7
Let u be -45 + (0 - 0)/(-1). Let h(y) = -10*y - 406. Let n be h(-55). Let z = u + n. Calculate the remainder when z is divided by 25.
24
Let z = -8029 - -8091.